/z)/((-7)/35). What is the remainder when 14 is divided by l(u)?
6
Suppose -5 = -t - 3. Suppose t*v + 0*v = 36. Suppose v = 5*b - b + 2*n, -3*n - 3 = 0. What is the remainder when 13 is divided by b?
3
Suppose -2*k = 4*c - 34, -2*c + 33 + 17 = 4*k. Let v = k + -8. Suppose 0 = -v*g + 7*g - 24. What is the remainder when 11 is divided by g?
5
What is the remainder when 1254/14 + (76/14 - 5) is divided by 31?
28
Calculate the remainder when 20 - -3 - (-4)/(0 + -4) is divided by 4.
2
Calculate the remainder when 10/15*(4 - 27)*-6 is divided by 19.
16
Let m = -8 + 16. Suppose 3*g - 5*g = 5*r - 102, 3*r - 62 = -g. Calculate the remainder when r is divided by m.
6
Let o = 107 - 58. Calculate the remainder when o is divided by 13.
10
Let p = 53 - 28. What is the remainder when p is divided by 8?
1
Let f = 33 + -4. Calculate the remainder when f is divided by 11.
7
Suppose 4*p - 130 = 5*v + 96, -4*v = -4*p + 224. What is the remainder when p is divided by (1 - -13)*(2 + -1)?
12
Let z = 21 + 15. Let i = -26 + z. Calculate the remainder when 27 is divided by i.
7
Let r = -5 + 11. Suppose y - 2*u - 26 = 0, -r*y + 106 = -y - 2*u. Calculate the remainder when 58 is divided by y.
18
Suppose f - 23 = -x, x - 3*f = -4*x + 83. What is the remainder when 72 is divided by x?
15
Let d = 1 + 2. Suppose -6*k + 4*k - 5 = -5*b, -19 = -d*b - 2*k. Suppose -5 + b = -c. Calculate the remainder when 3 is divided by c.
1
Suppose i - 6*i = -320. What is the remainder when i is divided by 22?
20
Suppose 2*o - 15 = -3*o. Let k = 3 - -4. Calculate the remainder when k is divided by o.
1
Suppose 4*t + 24 = 6*t. Suppose t = 4*n - 3*v + 1, 5*n - 2*v - 19 = 0. Calculate the remainder when n is divided by 2.
1
Let w(a) = -a**3 - 6*a**2 - 2*a - 4. Let j be (-1)/(-4) + (-194)/8. Let i = 47 + j. Calculate the remainder when i is divided by w(-6).
7
Let z(h) = -4*h - 3. Calculate the remainder when z(-5) is divided by 14.
3
Let y(f) = f - 6. Calculate the remainder when 5 is divided by y(10).
1
Suppose -q = 5*h - 10, q - 3*h - 5 = 13. What is the remainder when q is divided by (-4)/12 - 112/(-12)?
6
Let d = 19 + 13. Let s = -8 + d. What is the remainder when 46 is divided by s?
22
Calculate the remainder when (-59)/(-4) + (-6)/(-24) is divided by 9.
6
Let b(x) = -x**3 - 7*x**2 + 7*x + 12. Calculate the remainder when b(-9) is divided by 28.
27
Let z = 67 + -37. Calculate the remainder when z is divided by 8.
6
Let b be 22/6 + (-4)/(-12). Suppose -b*d + 0*v = 3*v - 12, 4*d - v = -4. Suppose 3*a = -d*a + 93. What is the remainder when a is divided by 11?
9
Let q be (-3)/9 + 3/9. What is the remainder when (0 - q) + 21 + -3 is divided by 10?
8
Suppose -t = -3*t + 330. Suppose 4*g + 17 - 149 = 3*b, 5*g - 2*b = t. Calculate the remainder when g is divided by 17.
16
Suppose -2*s - 5*d + 121 = 0, -d - 3*d = -s + 80. What is the remainder when s is divided by 7?
5
Let g = 29 - 10. What is the remainder when g is divided by 4?
3
Let x = 29 - 0. Suppose -2*u + 20 = 4*i + i, -2*i = u - 8. Suppose 2*g - 22 + 2 = u. Calculate the remainder when x is divided by g.
9
Let u be (-8)/6*9/(-6). Let f be u/7 + (-51)/7. Let l = f + 14. What is the remainder when 13 is divided by l?
6
Suppose 251 = 5*u - 79. Calculate the remainder when u is divided by 23.
20
Suppose 3*y = 4*y + 5*c - 135, 0 = -y - c + 131. Let q be ((-9)/6)/(1/46). Let o = q + y. What is the remainder when o is divided by 21?
19
Suppose 5*p - 3*p = 40. What is the remainder when 79 is divided by p?
19
Let f(h) = h. Let z(t) = -t - 5. Let i(b) = -2*f(b) - z(b). Calculate the remainder when 1 is divided by i(4).
0
Calculate the remainder when ((-90)/(-35))/(3/14) is divided by 3.
0
Suppose 0 = 4*v + 2*f - 314, -3*f - 2*f - 335 = -4*v. What is the remainder when v is divided by 22?
14
Let d be 9/(-12) + (-2)/8. Let z = d - -8. What is the remainder when z is divided by 2?
1
Suppose -60 = o - 5*o. Suppose -5*w = -25, -2*w = 3*a - 0*a - 139. Calculate the remainder when a is divided by o.
13
Let m be (-18)/(-21)*1*140. What is the remainder when (-3)/9 - m/(-9) is divided by ((-21)/(-6))/((-1)/(-2))?
6
Let v(p) = -p**3 - 9*p**2 - p - 4. Calculate the remainder when 18 is divided by v(-9).
3
Suppose -172 - 458 = -10*d. Calculate the remainder when d is divided by 22.
19
Let r = 2 - -1. Suppose -68 = -2*c - 5*h, -2*h - 57 = r*c - 181. Calculate the remainder when c is divided by 23.
21
Let w(t) = -t**3 - 3*t**2 + 5*t + 2. Calculate the remainder when w(-5) is divided by 88/12 - 1/3.
6
Let i be (9/18)/((-1)/92). Let b = -47 - 20. Let z = i - b. What is the remainder when z is divided by 12?
9
Let v(r) = 3*r - 4. What is the remainder when (-12)/48 + 346/8 is divided by v(5)?
10
Let d(n) = -3*n + 41. Let m(g) = -g + 14. Let q(a) = 3*d(a) - 8*m(a). Calculate the remainder when 59 is divided by q(-9).
19
Let o = 23 - 20. Suppose -o*j + 10 = -20. What is the remainder when j is divided by 3?
1
Let y = -43 + 31. Let j = y + 28. Calculate the remainder when 63 is divided by j.
15
Let v = 205 - 149. Calculate the remainder when v is divided by 29.
27
Let g = -111 - -33. Let n = g + 139. What is the remainder when n is divided by 21?
19
Let p = -87 - -52. Let i = 16 + p. Let z = 43 + i. What is the remainder when 70 is divided by z?
22
Suppose -75 = -5*q - 5*c, 2*q + 23 = 3*q + 5*c. Let l(g) = -3*g + 1 + g - 8. Calculate the remainder when q is divided by l(-6).
3
Let o = 134 + -68. What is the remainder when o is divided by 17?
15
Suppose 0 = -3*s + 4*i - 77, 3*s + 5*i + 32 = -0. Let x = 40 + s. What is the remainder when 61 is divided by x?
19
Let r(p) = -8*p - 50. Calculate the remainder when 10 is divided by r(-7).
4
Let h(n) = -3 - 1 - 4*n - 4*n + 5*n. What is the remainder when 64 is divided by h(-7)?
13
Suppose -k + g = -3, 5*k - 5 = g - 2. Let p be 3*(-7 + (1 - k)). What is the remainder when 6/(-27) + (-400)/p is divided by 8?
6
Let b = -127 + 185. What is the remainder when b is divided by 32?
26
Let h = -157 + 315. Calculate the remainder when h is divided by 20.
18
Let p = -4 - -9. Suppose 4*m = p*m - 37. Calculate the remainder when m is divided by 20.
17
Let b(w) = -3*w**3 - 2*w**2 - 2*w - 3. Let p(f) = f**3 + 9*f**2 + 7*f. What is the remainder when p(-6) is divided by b(-2)?
15
Suppose g - 4*b - 25 = 0, g = 5*b - 3*b + 19. Let i = -49 + 87. What is the remainder when i is divided by g?
12
Suppose 5*t + 14 = -2*u, t + 2*u = -2*u - 10. Calculate the remainder when 26 is divided by (t - -16)/(-1 + 2).
12
Let t = -6 - -3. Let d = t - -6. What is the remainder when 7 is divided by d?
1
Suppose -3*r + 25 = 19. What is the remainder when (8/(-12))/(r/(-57)) is divided by 12?
7
Suppose 4*p - 31 + 91 = 0. Calculate the remainder when 5 + -5 + 1 - p is divided by 3.
1
What is the remainder when 56 is divided by 25/(-5 + 10) + 12?
5
Suppose 0 = -2*m - 0 + 2. Let c(f) = 49*f**3 - f + 1. What is the remainder when c(m) is divided by 17?
15
Let w(d) = d**2 + 4*d - 9. Suppose -3*l - 15 = 3. Calculate the remainder when l*((-68)/(-6))/(-2) is divided by w(3).
10
Let c(u) = -7*u**3 + 2*u**2 + u - 1. What is the remainder when 60 is divided by c(-1)?
4
Let n(r) be the second derivative of -r + 0 - 2/3*r**3 - 15/2*r**2. What is the remainder when n(-10) is divided by 9?
7
Let v be 6*((-8)/(-3) - 2). Suppose -a + 28 = 2*a - c, -v*a + 3*c + 29 = 0. What is the remainder when 19 is divided by a?
8
Let t(l) = 21*l - 1. Suppose -1 + 0 = n - 2*f, n = 5*f - 7. Calculate the remainder when t(n) is divided by 13.
10
Let p = 28 - 26. Suppose -5*z - 2*y = -57, -5*z + 29 = 4*y - 20. What is the remainder when (-1 + 5)*(p + 7) is divided by z?
10
Suppose -2*t + 64 = 2*t. What is the remainder when 110 is divided by t?
14
Suppose -3*l + 4*r = -58, 4*l - r - 2*r - 75 = 0. Suppose 2*y + x + 25 = 5*y, -5*y + 2*x = -40. What is the remainder when l is divided by y?
8
Let p(g) = -g**3 - 10*g**2 - 9*g + 13. Suppose 9*d - 125 = 4*d. Suppose -m + 6*m = d. Calculate the remainder when p(-9) is divided by m.
3
Suppose 33 = 2*i + 3*g, -7*i + 2*g + 20 = -6*i. Calculate the remainder when 30 is divided by i.
12
Let a be (-3)/(-12) + (-30)/(-8). Let b = a - -7. Let q = 4 + b. What is the remainder when q is divided by 8?
7
Let z(y) be the first derivative of -y**2 - 3*y - 3. Let g(